igit of u(4)?
1
Let r(l) = 5*l**2 + 2*l + 3. What is the hundreds digit of r(-6)?
1
Let g = 0 - -4. Suppose -2*o + 18 = 4*p - 2*p, 0 = -g*p - o + 36. What is the tens digit of 2 + p - 0 - -2?
1
Let j(o) = -2*o - 3*o**3 - 2*o + 0*o + 4*o**3 + 3*o**2. What is the tens digit of j(-3)?
1
Suppose 3*c + 2*i = 7*c - 152, -3*i = 5*c - 190. What is the tens digit of c?
3
Let x = 27 - 18. What is the tens digit of (32/3)/(3/x)?
3
Suppose 0*l = -4*l - t - 5, 0 = -3*l + 3*t - 15. What is the units digit of l/7 - 426/(-21)?
0
Let h = -1 + 0. Let j be (h + 3)/(6/81). Suppose -6 = -p + d, p + p = 5*d + j. What is the units digit of p?
1
Suppose -12*o = -15*o + 525. What is the tens digit of o?
7
Let n(p) = p - 1. What is the units digit of n(7)?
6
Let l = -73 - -158. What is the tens digit of l?
8
Let u(q) = 3*q**2. Let y = 0 + -3. Let m be u(y). What is the units digit of (1 - 2)/((-3)/m)?
9
Suppose 4*x - 435 = 4*r - 111, -4*x - 4*r = -284. What is the units digit of x?
6
Suppose 0*x + 224 = 4*x. Let r = x + -22. What is the tens digit of r?
3
Let o(l) = l**3 - 6*l**2 + 2*l - 8. Let c be o(6). Let j(b) = -b**3 - 6*b**2 - 3*b - 2. Let x be j(-5). Let w = c - x. What is the tens digit of w?
1
Suppose -5*u + 2*j = -17, 4*u + u - 3*j = 18. What is the units digit of u?
3
Suppose -4*t + 25 = t. Let m(n) = n**3 - 4*n**2 - 5*n + 3. Let i be m(t). What is the units digit of i/(-4) + (-69)/(-12)?
5
Suppose -10 = -2*c - 0. Suppose c*u = 6*u - 8. Let i = u + -3. What is the units digit of i?
5
Let u = 525 + -314. What is the units digit of u?
1
Let m = 5 + -5. Suppose 4*y = -m*y + 24. What is the units digit of y?
6
Suppose 0*i = -3*i + 9, 5*x - 2*i + 41 = 0. Let g = x - -10. What is the units digit of g?
3
What is the units digit of 3/(-1)*260/(-39)?
0
Let j(c) = c**2 + 3 + 4 - 25*c + 26*c. What is the tens digit of j(-6)?
3
Let b = 17 - 12. Suppose 5 = b*a - 4*a. What is the units digit of a?
5
Let j be (-177)/2*4/3. Let m = j + 168. What is the tens digit of m?
5
Suppose 0*p + 470 = 5*p. What is the tens digit of p?
9
Let j(x) = x**2 - 10*x - 5. What is the units digit of j(13)?
4
Let t(q) = -q**2 - 5*q + 252. What is the units digit of t(0)?
2
Suppose -2 + 20 = n. Suppose s - 4*j - 18 = 0, 4*j - n = -s + 2*j. What is the tens digit of s?
1
What is the tens digit of (-12)/(-4)*-3*(-13)/1?
1
Let h be (-2)/4*(-1 + 1). Suppose h = -3*f + 7*f - 136. What is the tens digit of f?
3
Suppose -4*n - 376 = -2*y, 3*y - 299 = -2*n + 281. What is the tens digit of y?
9
Let y be 2*2/(-4) + 21. Let c = 29 + y. Suppose 0 = 2*j + 2*x - 10, -4*j + 4*x - 5 = -c. What is the units digit of j?
8
Suppose 0 = 4*w + 16, -5*h + 6*h + 2*w - 101 = 0. What is the tens digit of h?
0
Suppose -4*h = 2*p - 2, -3*p - 2 = 3*h - 11. Suppose -24 = -p*y + y. What is the units digit of y?
6
Let l(m) = -m**2 + m + 1. Let u be l(-1). Let s(p) = 2*p**2 + p + 1. What is the units digit of s(u)?
2
Let o be (-1)/(-4) + (-79)/(-4). Let n = o + -7. Let r = -4 + n. What is the units digit of r?
9
Let t = -21 + 17. Let d(v) be the second derivative of v**3/6 + 7*v**2/2 + v. What is the units digit of d(t)?
3
Let p(c) = -10*c**2 - 31*c + 12. Let k(z) = -7*z**2 - 21*z + 8. Let d(l) = -7*k(l) + 5*p(l). Let w be d(-7). What is the units digit of 1 + -3 + -1 + w?
8
Suppose 3*y + 3 - 12 = 0. Suppose -5*d + y*d = -10. Suppose -d*h = -16 - 29. What is the units digit of h?
9
Suppose -170 = -3*f - 2*h, -3*f - h + 120 = -46. What is the tens digit of f?
5
Let d(m) = 2*m**3 - 3*m**2 + m + 5. What is the units digit of d(4)?
9
Let u(n) = n**2 + 12*n - 12. Let z be u(-12). Let x = z + 32. What is the tens digit of x?
2
Let n = -34 - -51. What is the units digit of n?
7
Let o = 661 + -427. What is the tens digit of o?
3
Let j(f) = -2*f - 11. Let s be j(-8). Suppose -4*b + 23 + s = 0. What is the units digit of b?
7
Suppose -1 + 36 = -5*f. Let k(l) = -l - 3. Let n be k(f). What is the units digit of 37/7 - n/14?
5
Let a(i) = -i**3 + 4*i**2 - i - 4. Let j be a(3). Suppose 4*h = j*n - 14, -8 = -2*n - 2. What is the units digit of (-34)/(-6) + h/3?
5
Suppose -g + 9 = m - 3, 0 = 4*m - 4. Let d(l) = l**2. Let k be d(0). Suppose -4*n + 44 = 3*s - g, -4*n - 5*s + 57 = k. What is the units digit of n?
3
Suppose k = 12 + 9. Suppose -6*w + w + k = o, 0 = 4*o - 4*w - 60. What is the tens digit of o?
1
Suppose 5*j = -4*x - 74, 0 = -2*x + 3*j - 9 - 17. Let y = x - -31. What is the tens digit of y?
1
Suppose -126 - 282 = -8*b. What is the units digit of b?
1
Let h(k) = -k**3 - 8*k**2 + 2. Let u be h(-8). What is the units digit of u/(-1)*10/(-4)?
5
What is the units digit of ((-1 - -5) + -166)/(-2)?
1
Let m = 13 - 20. What is the units digit of (-12)/21*m/2?
2
Let b(v) be the first derivative of -v**4/4 - 4*v**3/3 - v**2 + 2*v + 4. What is the units digit of b(-4)?
0
Suppose -6*f = -2*f. Suppose 0 = 4*g - f*g - 20. Let i(z) = 2*z + 1. What is the units digit of i(g)?
1
Let h be 0/1*(-2)/(-6). Suppose j - 4*j = -81. Suppose -2*b + 2*v + 18 = h, -j = -3*b - 5*v + v. What is the units digit of b?
9
Let p be (0 - -3)*1 + -113. Let i = -75 - p. What is the units digit of i?
5
Let f(m) = -11*m. Let b be f(4). Let p = b + 86. What is the units digit of p?
2
Let x be -2 - (2 + 12)/(-2). Suppose -2*r + 15 = -0*r + 3*z, 4*r - z + x = 0. Suppose -3*k - 4*o = -22, 0*k - k - 3*o + 14 = r. What is the units digit of k?
2
What is the tens digit of (-18)/(-9)*(-29)/(-2)?
2
Let k(q) = -q**2 + 11*q + 12. Let z be -33*(2 + 1)/(-9). What is the tens digit of k(z)?
1
What is the units digit of (-5)/15 - (-982)/3?
7
Suppose -3 = -m - 2*m. Suppose h = -0*s - 3*s + m, 2*h = 3*s - 7. What is the units digit of s?
1
Let x = 36 + -52. Let o = x + 17. What is the units digit of o?
1
Let t(h) = 2*h**3 - 4*h**2 + 3*h - 1. Let f be 1*(3 - 0/2). What is the units digit of t(f)?
6
Suppose 13 = -5*d - 2. What is the units digit of d/2*152/(-12)?
9
Suppose -21 - 7 = -2*o + 4*y, 5*o - 64 = 4*y. What is the units digit of o - (3 + -8 + 2)?
5
Let w(a) = -3*a - 2. Let r(j) = 6*j**3 + j**2 - j - 1. Let n be r(-1). What is the units digit of w(n)?
3
Let h be (-261)/(-27) + (-1)/(-3). Suppose 5*i + 2*g = 97, -5*g - h = 10. What is the units digit of i?
1
Suppose 0 = -3*d - 2*o + 10, 12 - 3 = d - 5*o. Let j(h) = -h**2 + 4*h + 2. What is the units digit of j(d)?
2
Suppose 0 = 4*a - c + 3 - 110, -2*a - 4*c = -40. Suppose 4*o + 6 = a. What is the units digit of o?
5
Let q = -9 + 5. Let i = 10 + q. What is the units digit of i?
6
Let x(q) be the second derivative of 5*q**3/6 + 2*q**2 - 2*q. What is the tens digit of x(4)?
2
What is the hundreds digit of -2 - (-1 - -2) - (-258)/2?
1
Let y be (-2)/10 + 4055/25. Suppose -y = -5*k - 57. Suppose k = 2*u - 5. What is the tens digit of u?
1
Suppose 387 = 6*m - 2*m - 3*i, 0 = m + 5*i - 68. What is the tens digit of m?
9
Let l(d) = d**2 - 6*d - 1. Let x be l(5). Let o = x + 10. Let m = 1 + o. What is the units digit of m?
5
What is the tens digit of (1 - 15)*(-4 - -1)?
4
Let u = 10 - 7. Suppose 11 = 4*l + 2*h + u*h, -15 = -4*l - h. What is the units digit of l?
4
Let x = 253 - 77. What is the tens digit of x?
7
Suppose -49 - 227 = -3*o. What is the tens digit of o?
9
What is the tens digit of (1 + 1)*(-73)/(-2)?
7
Let c be 0 + (-1 + 0 - 0). Let s = 2 - c. What is the units digit of s?
3
Suppose 4*s - 3*s - 11 = 0. What is the units digit of s?
1
Let f(l) = -9*l - 3. Let n be f(-5). Suppose 0 = 2*p + 12 - n. What is the tens digit of p?
1
Let m(g) be the first derivative of -g**2/2 + 5*g - 3. What is the tens digit of m(-5)?
1
Let i(h) = h**3 + 7*h**2 - 2*h - 10. Let m be i(-7). Let z = -1 + m. What is the units digit of z?
3
Let o(g) = -g**3 - g**2 - 6*g - 7. What is the units digit of o(-3)?
9
Let i(d) = -d**3 + 9*d**2 - 7*d - 3. Let k be i(8). Suppose 2*r = -10*w + k*w + 13, 4*r = -3*w + 61. What is the units digit of r?
9
Let z(k) = -6*k**2 - 3*k**2 + 4*k**2 - 7 - k**3. What is the units digit of z(-6)?
9
Let v = -1 + 18. What is the units digit of v?
7
Suppose 0 = 5*j + 36 - 266. What is the units digit of j?
6
Let k(l) = l**3 - 3*l**2 - 1. Let v be k(2). What is the units digit of (-6)/(-5)*v/(-1)?
6
Let a(u) = -u**2 - 10*u + 15. What is the tens digit of a(-6)?
3
Let t(a) = a + 1. Let k be t(2). Suppose -k*v + 112 = v. What is the uni